 1). Suppose -4*n = -p*n - 6. What is the greatest common divisor of n and c?
6
Suppose -j = -2*j - 31. Let y = -19 - j. Let z be 1*7*y/7. Calculate the greatest common divisor of 36 and z.
12
Let x(o) = 14*o + 54. Let h be x(14). What is the highest common factor of h and 25?
25
Suppose 2*t + 4 = -3*y - 7, 0 = 5*y + 5*t + 15. Let b = 6 + y. What is the greatest common divisor of b and 9?
1
Suppose u = 3*u + 4. Let i be ((-15)/12)/(u/40). What is the highest common divisor of 10 and i?
5
Let f(p) = -p**3 - p**2 + p + 16. Let j be f(0). What is the greatest common divisor of j and 16?
16
Let z(b) = b**3 - 7*b**2 + 9. Let y be z(7). What is the greatest common factor of 72 and y?
9
Let c = -35 + 63. Let l = -7 - -21. Calculate the highest common factor of l and c.
14
Suppose 0*x - 3*x = 3*p - 309, 285 = 3*x - 3*p. Suppose -3*d - 2*d - v + 50 = 0, 0 = 2*d + 3*v - 7. Calculate the greatest common divisor of x and d.
11
Let z(t) = -t**2 - 9*t + 7. Let y be z(-6). Let w(n) = -17*n - 2. Let i be w(-6). Calculate the greatest common divisor of i and y.
25
Suppose 2*p + r = -p + 26, -p + 22 = -3*r. Calculate the highest common divisor of 50 and p.
10
Let x be (-18)/12 - (-198)/4. What is the highest common factor of 24 and x?
24
Let z be 2/(-6) + 326/6. Suppose -4*s + 30 + 5 = 5*l, 0 = -4*l + 4*s - 8. Suppose -l*q = q - 24. What is the highest common factor of q and z?
6
Let m = -15 - -47. Calculate the highest common factor of m and 4.
4
Suppose -2*l = -11 + 3, 0 = o + 5*l - 7. Let f = o - 6. Let m be f*(0 + -12 + 3). Calculate the highest common divisor of m and 19.
19
Suppose -3*j = -4*x + 2*x + 7, -j = 5*x - 60. Suppose -30 = -m - x. Suppose -i + b = -31, i - b + 3*b - m = 0. What is the highest common divisor of 18 and i?
9
Let p = -11 + 14. Suppose p*r = 8*r - 315. Calculate the greatest common divisor of r and 9.
9
Let w(p) = -p**2 - 10*p - 1. Let g be w(-9). Calculate the highest common factor of 64 and g.
8
Let t = 3 + 6. Let a(q) = 2*q - 3. Let i be a(2). Calculate the highest common factor of t and i.
1
Suppose 3*x + 8 = 7*x. Let q = -2 + 5. Suppose q*d = x*o - 3*o + 12, o - 4 = -5*d. What is the highest common divisor of o and 12?
12
Let y be (3/6 + -2)/((-8)/96). Calculate the greatest common factor of 36 and y.
18
Suppose -8*w + 3*w + 480 = 0. Calculate the highest common divisor of w and 12.
12
Let g be (-3 + 3)/(-2) - 0. Suppose g = -2*d - 11 + 35. Let w = 22 - 4. What is the highest common divisor of d and w?
6
Let d(q) = 7*q**2 - 4*q + 3. Let j be d(4). What is the highest common divisor of 9 and j?
9
Let o be 11 + -6 + 1*-1. Let g(z) = -12*z. Let s be g(-3). Calculate the greatest common factor of o and s.
4
Let o(m) = 3*m**3 + m**2 - 2*m + 3. Let s be o(2). Suppose -54 = -3*h + s. Suppose -3*w = 4*p - 5*w - 2, 5 = w. Calculate the greatest common factor of p and h.
3
Let l = -10 + 26. Let d be (4 + -2 + -1)*l. Let v = -32 - -56. What is the highest common factor of v and d?
8
Let w be (-4)/3*(-171)/6. Let o = -7 - -12. Suppose 14 + o = c. What is the highest common factor of c and w?
19
Suppose -6*k = -4*k - 6. What is the highest common divisor of 24 and k?
3
Suppose 5*k - 5 = 4*k. Suppose -2*q = k*y - q - 332, 60 = y - 3*q. What is the greatest common divisor of y and 22?
22
Let u(k) = 3*k + 36. Let l be u(13). What is the highest common divisor of l and 25?
25
Let i be -80*(2 - 44/16). Calculate the highest common factor of 12 and i.
12
Let u be (10/8)/((-3)/12). Let d = -1 - u. Calculate the greatest common factor of d and 6.
2
Suppose -322 = j + 4*j - 3*u, 3*j - 5*u = -206. Let i = 112 + j. Suppose -2*p = 3*y - i, -y + 4*p - 30 = -2*y. What is the greatest common divisor of y and 2?
2
Let x(j) = 4*j - 14. Let s be x(6). Calculate the highest common divisor of 40 and s.
10
Suppose 0 = 8*w - 7*w - 30. Calculate the greatest common divisor of w and 15.
15
Suppose 48 = 5*k - 42. Let s(p) = p**2 - 7*p + 8. Let h be s(6). Let j be (-411)/(-15) - h/5. What is the greatest common factor of j and k?
9
Suppose 2*k - 120 = k. What is the highest common divisor of k and 24?
24
Suppose -40 = -0*d - 5*d. Suppose -d = -2*l + l. Let a(j) = j + 3. Let y be a(5). What is the greatest common factor of y and l?
8
Suppose -4*g - g = -495. Calculate the greatest common factor of 33 and g.
33
Let b be (-1)/(-3 - (-35)/12). Let o(i) = -i + 23. Let z be o(b). Calculate the greatest common factor of z and 11.
11
Suppose -2*q = -t + 22, 3*q - 4 = -t + 13. Suppose 0 = -6*s + 4*s + 40. What is the highest common factor of t and s?
20
Suppose 6*o = -m + 2*o - 7, 0 = -3*m + 3*o + 24. What is the greatest common divisor of 55 and m?
5
Suppose -2*z = z - 6. Suppose -z*c = -5*k - 77, 0 = 5*c - 3*c - k - 73. Let g = 62 - 38. Calculate the highest common factor of g and c.
12
Let w(c) = c + 14. Let u be w(-4). Calculate the highest common factor of 40 and u.
10
Suppose -9 = 7*x - 10*x. Suppose 3*g + 2 = 5*z + 4, 5*g - x*z = 30. What is the greatest common divisor of g and 27?
9
Let a(q) = 7*q**2 + 3*q - 1. Let h be a(-4). Suppose -4*p + 66 = 2*p. Calculate the greatest common factor of h and p.
11
Let g(d) = 6*d - 6. Let r be g(9). Calculate the highest common factor of r and 72.
24
Let v = -69 + 223. Let n(z) = -1 + 5*z - 1 - z. Let a be n(4). What is the highest common divisor of v and a?
14
Let j(t) = -t**3 + 4*t**2 + 3*t. Let u be j(-2). Let x be (-3 - -1) + 3 - -26. What is the greatest common factor of u and x?
9
Suppose -11 = j + 9. Let b be (-1364)/j + (-2)/10. Calculate the highest common factor of b and 17.
17
Let b(p) = 2*p**2 + p - 1. Let d be b(-2). Suppose 65 = 5*i - 135. Calculate the highest common factor of d and i.
5
Let g be (1 - (-2 - 1)) + -2. Let f(s) be the first derivative of s**4/2 + s**3 - s**2/2 - 1. Let t be f(g). What is the greatest common divisor of 65 and t?
13
Let y(i) = 1. Let m(x) = x + 6. Let a(w) = -m(w) + 5*y(w). Let g be a(-1). Suppose -4*b + 0*b + 40 = g. Calculate the greatest common factor of 90 and b.
10
Let t(h) = h**2 - 6*h + 8. Let o be t(7). Suppose 4*d + 5*a - 11 = 29, 0 = -2*d - 2*a + 18. What is the greatest common divisor of o and d?
5
Let t be -1 - (-9 + (-3 - -5)). Suppose n = t + 2. What is the greatest common factor of 1 and n?
1
Suppose -2*m - 2*u - 2 = -7*m, -4*u + 22 = 3*m. Let a be (m - 4) + (-2)/1. Let n be (3/(-2))/(3/a). Calculate the greatest common divisor of 3 and n.
1
Suppose 10 - 2 = z. Calculate the greatest common factor of 56 and z.
8
Let y be (-9)/(18/(-8)) - (2 - 4). Let z(n) = -n**2 - n + 1. Let p be z(-3). Let j be p/(10/4) + 50. What is the highest common divisor of j and y?
6
Let u be (-6)/((-5)/(405/6)). Suppose -6*w + w - 4*c = -15, -2*w = -4*c - 6. Suppose q + 43 = 5*t, w*q = q + 4. What is the highest common divisor of t and u?
9
Let f be (-33)/(-27) + (-2)/9. Suppose -3*c - 16 = -d, d - c = -3*c + f. What is the highest common factor of d and 21?
7
Let z(j) = -3 + 5 + j**2 - 5*j + 0*j**2. Let g be z(5). Let i = 7 - 5. What is the greatest common factor of g and i?
2
Let t be (9/(-5))/(1/(-5)). Suppose -2*y = -7 - t. Suppose -25 - 415 = -5*a. What is the highest common factor of a and y?
8
Let t(m) = 15*m**2 + m + 2. Let s be t(-2). Calculate the highest common divisor of s and 12.
12
Let j = 10 - 3. Calculate the greatest common divisor of j and 49.
7
Let b be 5/(1 - 1/2). What is the greatest common divisor of 30 and b?
10
Let y = -4 + 8. Suppose -y*g = 20 - 68. What is the highest common factor of 4 and g?
4
Suppose -4*b = -6*b. Suppose 2*u - p + 8 = 3*u, -4*u = p - 17. Suppose 6 = 3*f - 2*t - 4, b = -u*f - t + 4. What is the highest common factor of 3 and f?
1
Suppose 3*j - 20 = -3*x + 8*j, -j + 32 = 3*x. Let b = -5 + x. Let k be (-2)/b - 197/(-5). What is the greatest common divisor of k and 26?
13
Suppose b + 4*b = -5*h + 30, 2*b = -5*h + 27. Suppose -t + 5 = -b. What is the highest common divisor of t and 3?
3
Let q(j) = -j**3 - 5*j**2 + 4*j - 10. Let m be q(-8). Suppose -2*b - 45 = -165. What is the highest common divisor of m and b?
30
Let y(w) = w + 6. Let x = -6 - -64. Let q be x/7 + 2/(-7). Let d be y(q). What is the highest common divisor of d and 56?
14
Let x = 115 + -213. Let f be ((-18)/(-7))/((-21)/x). Suppose 0 = 4*o - 4 - 12. Calculate the greatest common divis